r of j and 13.
13
Suppose -21*k = -25*k. Let f be (k - 13)/((-3)/(-6)*-2). What is the highest common divisor of 65 and f?
13
Suppose -5*k = 2*o - 251, -3*o - 5*k = -411 + 27. Suppose 3*i = 2 + o. What is the highest common divisor of 5 and i?
5
Let z = 348 + -268. What is the greatest common factor of z and 1360?
80
Let w(d) = 66*d + 1. Let k be w(1). Suppose 19 = -3*x + k. What is the greatest common factor of 24 and x?
8
Suppose 7 = 4*r + 5*s, -5*s + 0 - 1 = 3*r. Suppose r - 84 = -4*u. Suppose -u = -3*z + 17. What is the highest common factor of z and 6?
6
Suppose 3*a = 61 - 4. Let s(n) = n**2 + 46*n + 137. Let q be s(-42). Let l = q - -107. Calculate the greatest common divisor of a and l.
19
Suppose r = -4*j + 8, 3*j = 4*j + r - 2. Suppose 0 = -139*c + 31*c + 1080. Calculate the highest common divisor of c and j.
2
Suppose 4*p - 193 = 7. Calculate the highest common divisor of 70 and p.
10
Suppose -3*m - 7 - 65 = 0. Let q be (-6)/(-3)*m/(-2). What is the highest common divisor of 60 and q?
12
Suppose 5*y - 673 = -t - 0*t, -679 = -5*y - 3*t. Suppose 3*c + 4*i - y = 0, 5 = 2*i + 1. What is the highest common divisor of 14 and c?
14
Suppose -s + 21 = -139. Suppose n - s = -n. Suppose 4*q = 28 + 12. Calculate the greatest common factor of q and n.
10
Let w = 11 - -4. Let p(u) be the second derivative of 2*u**3/3 - 5*u**2/2 - 24*u. Let z be p(2). Calculate the greatest common factor of w and z.
3
Let u be 837 + (7 + -26 - -10). Calculate the greatest common divisor of u and 36.
36
Let q = 300 + -126. Suppose -3*l + q - 54 = 5*v, 4*v = -l + 96. What is the highest common divisor of 32 and v?
8
Suppose -4*z + 175 + 17 = 0. Let j be ((-49)/3 + -7)/(1/(-6)). Let y be 28/3*1800/j. What is the highest common divisor of z and y?
24
Suppose -3*j + 180 + 439 = 4*h, -j = -1. Suppose -4*n - 70 = 5*l + 57, -3*n - 90 = 2*l. Let s = -14 - n. What is the highest common divisor of s and h?
14
Suppose 3*y - 5*y - 4 = 0, -4*y = 3*o - 76. Let t be ((-56)/10)/((-4)/40). Calculate the greatest common factor of t and o.
28
Suppose -5*u + 4*s = 7, 0*u - 2*s = 4*u - 10. Let j be 15/(u/(4 + -5)). Let q = j - -28. What is the highest common divisor of q and 52?
13
Let w = 20 + 84. Suppose 0 = 12*u - 196 - w. Calculate the greatest common factor of u and 10.
5
Let x be 2*18/(-12) - (-3)/1. Let r = -7 + 3. Let u be (-7)/14*(r - x). What is the highest common factor of u and 2?
2
Suppose 6*u - 336 - 168 = 0. What is the greatest common divisor of 273 and u?
21
Let z = 1299 - 1267. What is the highest common factor of z and 88?
8
Suppose 0 = 5*h + 5*b - 415, 2*h - 59 - 106 = -3*b. Let r(n) = -3*n + 14 - 5 - 27. Let o be r(-13). What is the greatest common divisor of h and o?
21
Let t = 15 - 12. Suppose 0 = t*i - 14 + 29. Let m be (-361)/i + (-2)/10. What is the greatest common divisor of 8 and m?
8
Let w(d) = -d**3 + 2*d**2 + 4*d - 3. Let f be w(3). Suppose 3*o - 1 - 8 = f. Suppose 0 = 10*r - 26*r + 336. Calculate the highest common divisor of o and r.
3
Suppose -4*b - 22 + 82 = 0. Suppose 3*z = 2*y + b, -z + 3*y = -2*z + 5. Let j = 93 + -43. What is the highest common divisor of z and j?
5
Let k(h) = 4*h**2 + 29*h + 10. Let a(y) = -11*y + 4. Let r be a(1). Let p be k(r). Calculate the greatest common divisor of 15 and p.
3
Let v be ((-8)/(-16 + -8))/(1/6). Let o be (10/(-2))/(-1 + 0). Suppose 43 - 12 = l + 5*g, o*l - 47 = v*g. What is the greatest common factor of l and 44?
11
Let b be (-6)/(-4) - 9/6. Let q = 8 + b. Suppose -3*u + 4*i = 2*i - 48, -u + 2*i = -16. What is the highest common divisor of u and q?
8
Suppose 14*o + 277 = 949. Calculate the greatest common factor of 40 and o.
8
Let o(y) = -y**2 + 6*y. Let n be o(5). Let g(x) = x**3 - 5*x**2 + 2*x - 6. Let j be g(n). Let l = j + -1. Calculate the highest common factor of 6 and l.
3
Suppose -42*g + 5032 = -5*g. Calculate the greatest common factor of 442 and g.
34
Let b be 3 + 3*-2*-5. Suppose -k = 4*g - 10, 2*k + 0*g - 20 = -3*g. Let r(n) = n + 23. Let j be r(k). What is the greatest common divisor of b and j?
33
Let b be ((-12)/(-24))/(2/(-40)). Let o(j) = -2*j - 15. Let n be o(b). Suppose -a - n*a + 54 = 0. What is the highest common divisor of 72 and a?
9
Let p be (0 - 20*-5) + 3. Let c = -33 + p. What is the greatest common factor of 10 and c?
10
Let q(i) = 10*i - 189. Let k be q(21). Let n be 3 + 15/3*-1. Let w be 378*-1*n/4. What is the greatest common factor of k and w?
21
Let d be (-2 + 7 - -42)/((-2)/4). Let j = 134 + d. What is the highest common factor of j and 5?
5
Suppose 2*k + 144 = 136. Let b(d) = -80*d**3 - d**2 + d. Let u be b(-2). Let z be k/6 - u/(-6). Calculate the highest common divisor of 42 and z.
21
Suppose -105 = -9*u + 4*u. Calculate the highest common divisor of 70 and u.
7
Suppose -2*o + 198 - 60 = 0. Calculate the highest common factor of 69 and o.
69
Let n be (12/(-15))/((-4)/10). Suppose -2*b = n*b - 172. Suppose 3*z + 15 = 0, 2*z - b - 17 = -5*g. What is the greatest common factor of 42 and g?
14
Let u = 1630 + -1144. What is the highest common factor of u and 27?
27
Suppose -3*v = -3, 0*y = -4*y - 5*v - 11. Let o be (-289)/y + 5/(-20). Suppose 2*n = 4 + 20. Calculate the highest common factor of n and o.
12
Suppose 0 = 10*v - 150 - 10. What is the highest common factor of v and 88?
8
Suppose -8*f + 4*f - 200 = 0. Let p(n) = -n**3 - 17*n**2 - 72*n + 6. Let k be p(-12). Let l = k + f. What is the greatest common divisor of 10 and l?
10
Suppose 4*r - 3*u = 342, -2*r - 174 = -4*r + 3*u. Let d be (-70)/r + 22/12. What is the greatest common factor of 11 and d?
1
Let g = -28 + 33. Suppose 0 = 3*w + g*r - 8, 0*r + r = -w + 2. What is the greatest common factor of 9 and w?
1
Let p be 4/(28/3) - 137/(-7). Let y = p - 13. What is the greatest common divisor of y and 56?
7
Suppose 3*z = 3*x + 270, 5*z - 9*z - 5*x = -360. What is the highest common factor of 240 and z?
30
Let n = -11 - -11. Suppose j + 4*j - 2*g - 1137 = n, -4*j - 3*g = -928. Let r = j + -31. Calculate the greatest common divisor of r and 18.
18
Suppose -3*y + 2*y = -2. Suppose -5*z = 3*t + 1, t - y*z - z = 23. Calculate the greatest common factor of t and 8.
8
Let q(v) = 4*v - 47. Suppose 5*m = 40 + 35. Let i be q(m). What is the highest common divisor of 13 and i?
13
Let u(v) = 209*v - 399. Let k be u(6). What is the highest common factor of 190 and k?
95
Let v be (12/2)/((-3)/(-2)). Let o = 12 - 0. Let z be o/5 - (-6)/(-15). Calculate the highest common divisor of v and z.
2
Let w = -123 - -131. Let z(y) = -y**3 + 8*y**2 + 4*y - 8. Let g be z(w). Calculate the greatest common factor of g and 96.
24
Let x = 315 - 179. Calculate the highest common divisor of x and 34.
34
Let m(g) = g**2 + 14*g + 16. Let q be m(-9). Let w = q + 49. Let a = 3 - -5. Calculate the highest common factor of a and w.
4
Suppose 3*z - 42 = -3*w, 2*w - 3*w = -5*z + 10. Let f be -1*(22/5)/((-2)/w). What is the greatest common factor of 2 and f?
2
Let u = 339 - 240. Suppose -13*n = -7*n - 138. Let t(p) = -2*p + 57. Let d be t(n). What is the highest common divisor of d and u?
11
Let y be (-2)/7 + (-572)/(-91). Let r be 3/y*-4 + 7. Calculate the highest common divisor of r and 5.
5
Suppose 150 = 772*v - 747*v. What is the greatest common factor of v and 8?
2
Let m(v) = -v**2 + 49*v - 112. Let x be m(46). What is the highest common factor of 767 and x?
13
Let b = 160 - 158. Suppose -137 - 101 = -b*g. What is the greatest common divisor of g and 34?
17
Let o be -14*(1 - 0) + 3. Let m = 17 + o. Suppose -4 = -i, m*h - 3*h - 113 = i. What is the highest common divisor of 195 and h?
39
Suppose 0 = 7*p - 6004 + 75. Calculate the greatest common divisor of 22 and p.
11
Suppose d - 10 + 2 = 0. Suppose 0 = 192*t - 176*t - 896. Calculate the greatest common divisor of t and d.
8
Suppose -3*r - 5*w - 293 = 0, 4*w = 4*r + 461 - 81. Let v = r - -110. What is the greatest common factor of 14 and v?
14
Suppose -p + 238 = -3*p. Suppose 11902 = -8*o - 882. Let f be (-6)/14 + o/p. What is the greatest common factor of 26 and f?
13
Let x(w) = 11*w**2 - 1. Let o be x(-1). Let p be (132/o)/(2/10). Let y = 2348 + -2342. Calculate the highest common divisor of y and p.
6
Suppose z = -3*z + 12. Suppose 0 = s - d, 0 = 2*s + z*s + 2*d - 14. Suppose s*r - 10*r + 792 = 0. Calcu